3 - (-31 - -44)) + 17).
-38
-42 + (70 - (10 - -29) - 11)
-22
-11 + -5 + 34 + (25 - 8) + 10
45
What is -3 - ((88 - 35 - (7 + 3)) + -9)?
-37
What is the value of 10 + -12 + ((11 - -6) + -70 - -8)?
-47
Calculate (21 - 0) + (-22 + 43 - 34) + (9 - -4).
21
What is the value of 1441 + -1471 + (-1 - 12) + -1?
-44
Calculate (-13 - (1 + 0)) + (49 - -82) + -66.
51
19 + 1 - (-3426 + 3462)
-16
Evaluate (14 - (3 - -2) - 29) + (12 - (2 + 0)).
-10
Calculate (-8 - -1 - (14 - 23)) + -7 + -8.
-13
What is (2 - -138) + (-16985 - -16905)?
60
What is the value of (5257 - 5245) + 56 + 3?
71
What is 17 + (-14 + 5 - 2 - -7) - 50?
-37
Calculate 1 + 13 + (-1509 - -1453).
-42
-51 - (39 - 102) - -34
46
-20 + -7 + 65 + -14
24
What is the value of 220 + -267 - (45 + -39)?
-53
What is the value of 1 - (17 - -1 - (221 - 195))?
9
Evaluate (6 + -4 - (-7 - (-14 - 5))) + (-134 - -136).
-8
What is (-218 - -50) + 180 + (4 - -1)?
17
What is -10 - (28 + (-6 - 47))?
15
Calculate 17 - -3 - (-45 + -19 + 2 + 24).
58
What is -94 + (42 + -10 - -19)?
-43
What is 1 + (0 - -42) + (1 - 18) + -40 + 44?
30
What is the value of -41 + 6 + 3 + (-9 - -12 - 13)?
-42
What is the value of -131 + 155 + (6 - -14) + -7 - 2?
35
Evaluate -25 + (-16 - -50) + -9 + (0 - 0).
0
Calculate (-11 + -13 + 32 + -22 - -5) + -6.
-15
Evaluate -18 - (6 + (6 - 17)) - (7 + -6 + 67).
-81
Calculate (5 - -22) + -16 + 8 + -23.
-4
-33 + (19 - (-18 - 0)) + (-1 - -38)
41
What is (60 - 42) + 1 + -36 + 5?
-12
Evaluate 14 + -8 + (27 - 32 - (1 + -19)).
19
-2 - -26 - 2 - (-140 + 133)
29
Calculate -18 + 47 + (24 - 12) + -1.
40
Calculate -2 + 37 - (-3900 + 3842).
93
What is 60 + -22 + -44 + (-1 + -3 + 3 - 5)?
-12
What is 0 - -52 - -8 - (840 - 853)?
73
What is the value of (86 - 16) + -81 - (36 + 1)?
-48
(39 - 15) + (-62 - -119)
81
What is -53 + 122 + -138 + 75?
6
Calculate 1 + -18 - (-478 - -460) - 58.
-57
-162 + 106 - (-17 - 4)
-35
Evaluate 0 + 0 + (-87 - (-122 + 34)) - 15.
-14
Evaluate (-65 + 175 - 113) + 134.
131
(11 - -17) + -16 + -4 - (-5 - 1)
14
Evaluate 97 + 8 + 217 + -304.
18
What is -24 + (-25 - (-4 + -7)) + -10?
-48
Evaluate 5 + -9 + -2 + (-33 - 2).
-41
12 - (5 - 4 - (-7 + 23 + -13) - 2)
16
What is the value of 7012 + -6996 + (2 + -12 - 2 - -3)?
7
What is (-998 - -1107) + 2 + -5?
106
What is (-38 - (110 - 170)) + 26 + -1?
47
What is the value of (-2 - 1) + 63 + (58 - (79 - 38))?
77
107 - 142 - -188 - 86
67
Evaluate -106 - (33 - (97 - (15 - -18))).
-75
Calculate (6 - 0) + -68 + (7 - (-6 + 3 + 11)).
-63
142 + -65 + -54 - (0 + 9)
14
Evaluate -23 + -230 + (261 - 130).
-122
Evaluate (-94 - -5 - -8) + 24.
-57
Calculate (-1 + 0 - 37) + (1 + 97 - (-1809 - -1919)).
-50
Calculate (774 - 653 - (15 - 1)) + -11.
96
What is the value of (4 + 1 - 7) + -1 - (-36 + (24 - 48))?
57
What is -6 + (-27 + 76 - 10 - -27)?
60
(-22 - -11 - (2 - (-6 - -14))) + -51
-56
Calculate -4 + (2 - 4) - (-16 - (-39 + 9 + -13)).
-33
What is the value of (-1 - 4) + (5 - 38 - -31) - -10?
3
Evaluate 29 - (-2 - 17) - 22.
26
-11 + -2 + (-5 - -6) + -10 + 2 + -79
-99
-74 - (8 - 30 - 54)
2
What is the value of -60 + 43 + (7 - -65)?
55
Calculate 1 + -174 - ((-65 + 1 - -45) + 1).
-155
What is -60 + 2 + 0 + 175 + (-129 - 54)?
-66
3 + (3 - (12 + -3)) - (106 - (85 - 18))
-42
-10 + 0 + -14 + 2 + (23 - 3 - 18)
-20
What is the value of 14 + 33 + -1 + (-7 - 6)?
33
33 - 6 - (7 - 8) - -5
33
What is the value of -23 + 7 + 1 + 2 - (-5 + -13)?
5
Calculate -52 + 1 - ((-274 - -292) + -24 + 2).
-47
What is the value of -471 + 512 - (39 + 75)?
-73
3 + -1 + -28 + (-6 - -17) - 32
-47
Calculate -61 + 41 + (77 - 15).
42
Calculate (-44 - -184) + (-2 - 67).
71
3 - (-8 + (-5 + -6 - -8) + -33 + -6)
53
(22 + -27 - 2 - -13) + 19
25
What is the value of -10 + 18 + (-18 - -17 - ((6 - 3) + 63))?
-59
What is 69 - 59 - (6 - -31 - -4)?
-31
What is the value of (2 - 11) + 3 - (-13 + -41 + 33)?
15
What is the value of (-103 - -293 - 228) + (-55 - 3)?
-96
Calculate (2 - (-14 - (-5 + 2 + -4))) + -34.
-25
Evaluate 8 - (2 - -19 - 9 - (22 - 13)).
5
1 + -14 + (-39 - (11 - 48)) + -44
-59
Evaluate -5 - (18 - ((-5 - (-3 + 11)) + 5)).
-31
What is the value of (1 - 1) + (-9 - (-6 + -20 + 8 + -1))?
10
What is 7 + (-74 - (52 - 191))?
72
Evaluate 53 - (-83 - (22 - 70)).
88
Calculate -2519 + 2356 - (-20 - 9).
-134
What is (2 - -5) + (21 - 15) + 4 + 22?
39
What is 1 - (6 + -8) - (-58 - (22 - -2))?
85
(3 - 43) + 18 + (-19 - -10) + -1
-32
33 - (-3 - (-14 + 29)) - 0
51
Evaluate 87 - (-81 - -129) - 91.
-52
Calculate -26 + (-7 - 0) + -30 + 55 - (9 + 0).
-17
-189 + 126 + 6 + -3
-60
Evaluate (50 - 3 - 0) + (84 - (-113 + 215)).
29
What is 16 - 13 - 27 - (-70 + -8)?
54
Calculate (-4 - -57) + (-2 + 5 - (-38 - (4 - 47))).
51
Calculate -170 + 125 + (3 + -2 + 1 - -7) + -5.
-41
Calculate 1576 + -1588 - (-3 + 64).
-73
-4 - (-5 - 7 - (-12 - (14 - 6)))
-12
What is (-6 - -8) + -2 + (-17 - (-56 + -6))?
45
What is the value of -2 + 13 - ((1 - -1) + (-432 - -421))?
20
What is -9 + 13 + 6 + 6 + -11 - 93?
-88
What is -1 + 25 - (-88 + (185 - 88))?
15
Calculate -11 + (40 - -14) + -27 + -125.
-109
Evaluate 5 - ((-92 - -103) + 0 + -16 - 9).
19
8 - 3 - (320 + -338)
23
Calculate 89 - (8 + 53 - 39).
67
-76 + (797 - 777) + (-42 - 0)
-98
What is the value of (-10 - (0 - 1)) + (-535 - -514 - (1 - -44))?
-75
Evaluate 193 + -260 + 49 + 2.
-16
What is -8 + (20 - 0) + 222 + -235 + 0 + 33?
32
Evaluate (50 - -11) + -50 - (-3 - (3 + -2)).
15
What is -117 + (188 - (81 - 25))?
15
Calculate 4 - (-27 + (-46 - -52)).
25
Calculate 57 + 1 + -140 + -52 + 166.
32
What is 6 - (4 + -3 - 26 - -178)?
-147
Calculate -91 + (-29 - (-24 - (-13 + -12 - -25))).
-96
Evaluate (2 + -1 - (27 + 12 + -39)) + 69 + -4.
66
What is the value of -13 + (1 + -1 + -16 - (-535 - -528)) - -6?
-16
Evaluate (-2 - -5 - (13 - (4 + 4))) + 18.
16
-51 + (-2 - -1) - (-144 - (-298 - -153))
-53
What is the value of 44 - (-25 + (13 + -3 - (-60 + 60)))?
59
(-736 + 752 - (1 + 0)) + 7
22
Calculate 13 - ((-3 - 18) + (-288 - -282)).
40
What is the value of 29 + -20 + -13 + 9?
5
Evaluate 6 + -16 + 10 + -27 + 16 + (-3 - -134).
120
What is the value of 5 + (48 + -5 - (1 + 16) - 5)?
26
Calculate (8 - 29) + 10 - (1 + -7) - -15.
10
Calculate 9 + (-8 - (-29 + 21)) + 32.
41
What is 5 + 55 - (294 - 140)?
-94
-138 + 116 + (-1 - -2) - (-5 - 8)
-8
What is -41 + 28 - (1 - 37 - (18 - 10))?
31
Calculate 2 + (-4 - 0) - (-5 + -2).
5
Evaluate -274 + 289 - (25 - 5).
-5
What is -215 + (-84 - -214 - -19)?
-66
Calculate (-2 - 39) + (-29 + 96 - 132).
-106
What is 23 + (-2 - 14) + -4 + 22?
25
Calculate -217 - -230 - (7 + -43) - 28.
21
337 + -355 + (0 - -17) + 32
31
What is the value of (10 - 29) + -184 + 186?
-17
What is 78 - (-65 + 144) - -59?
58
Calculate (-39 - -39) + -1 + 12 - -33 - 4.
40
Calculate -97 - ((-24 + 43 + -14 - 5) + 5).
-102
0 + -81 + 3843 + -3827
-65
Calculate 38 + -5 + -55 - (1 - -2).
-25
Calculate -44 + (-1 + 17 - 15).
-43
What is 61 + 0 + -1677 + 1597?
-19
Calculate (69 - 83 - -8) + 97.
91
Calculate 123 - (98 - -101 - 26).
-50
Evaluate 12222 + -12249 - (1 - -34).
-62
36 + 140 + -196 + (3 - 0) + -28
-45
Calculate -4 + 1 + (-11 - (4 + -5 + -9)) - 65.
-69
Evaluate (-68 - -73) + (-3 - (7 + -7 + 89)) - -4.
-83
Calculate 10 + (4 - -1) + -31 + 59 + -27.
16
What is -10 + 1 + -22 + (270 - 222) + 18?
35
Evaluate 2 + 70 - (-330 + 407) - (103 + -1).
-107
Calculate (6 - (-2 - -1)) + -8 + (-27 - 4).
-32
-118 + (51 + 23 - -5)
-39
Calculate (-61 - -83) + -36 + -18.
-32
What is (29 - -1) + (-113 - (-132 + 12))?
37
(2 - 11) + (-48 - (6 + -2) - (-172 - -161))
-50
What is the value of (21 - 20) + 15 + 0 + (5 - 16)?
5
What is the value of -10 + -20 + 16 - (-11 + 18)?
-21
What is -1 + -34 + -142 + 202 - 32?
-7
What is the value of (41 + 2 - (0 - 0)) + 13970 + -13955?
58
What is the value of -1800 + 1797 - (-55 - -2)?
50
Calculate -9 + 8 - 0 - (-3 + 15) - 55.
-68
What is the value of 3 + 3 + (962 + -955 - (1 - 26))?
38
(22 - 55) + 6 + -51 - -2
-76
31 + 2 + (-22 - -4) - -58
73
Evaluate 282 - 315 - (1 - -25) - -9.
-50
(320 - 360) + 33 + 0 - (-1 - -1)
-7
What is -74 - -34 - (23 + -2 - 20)?
-41
What is 3 + 0 + 48 - (183 + -169 - 3)?
40
What is 9 + 12 + (-19 - (-9 + 5 - -12 - 10))?
4
Calculate -46 + -14 - -43 - 40.
-57
What is -8 + (-19 + 3 - (4 - 18)) - 5?
-15
8 - ((14 - (-14 + 17)) + -127 - -16)
108
What is the value of (0 - (-71 + 2)) + -